e of i**4/4 + 13*i**3/3 + 9*i**2/2 + 16*i + 1. What is the tens digit of s(n)?
5
Let b be (-4)/(-10) + 68/(-20). What is the hundreds digit of -34*(((-132)/(-8))/b - 1)?
2
Suppose 0 = -3*l - 2*h - 8, 2*h + 0 + 8 = l. Suppose -2*u + 7*u = l. Suppose 2*y - 4 - 6 = u. What is the units digit of y?
5
Suppose 0*o = 5*o + 25. What is the hundreds digit of o/(5 - 256/51)?
2
Let s(w) = -6*w + 4 + 19*w - 11*w + w**2. What is the tens digit of s(7)?
6
Suppose 635 = 4*o - 217. What is the tens digit of o?
1
Let j be (-2)/(-13) + 192/104. Suppose -4*u + 82 = 2*g, -j*u - g + 50 = -3*g. Suppose y - u = -0*y. What is the units digit of y?
2
Let i(g) = -7*g**2 - 20*g + 16. Suppose h - 5*h = 2*j - 12, 2*h + 2*j = 10. Let d(w) = -w**2 - w. Let v(o) = h*i(o) - 6*d(o). What is the units digit of v(-14)?
6
Suppose 5*q + 33 = 2*j, 2*j + 0 = -q + 3. Suppose j*b = 5*b + 3, -4*o + 3*b = -477. What is the hundreds digit of o?
1
Let o = 18 - 25. Let w(u) = u**3 + 8*u**2 + 6*u - 6. Let p be w(o). Suppose 0 - p = -q. What is the units digit of q?
1
Suppose 16*z = 13*z + 429. What is the hundreds digit of z?
1
Let y = 77 - 56. What is the units digit of (0 - 4/(-10))/(y/945)?
8
What is the hundreds digit of 8/88 - 42534/(-33)?
2
Suppose -2*a + 4*r + 16 = 0, -5*a - r = 1 - 41. Let x(q) = q - q**3 - 7 - 2*q - 9*q + 9*q**2 + 3*q + 5*q. What is the units digit of x(a)?
1
Let w = -91 - -55. Let l = w + 42. What is the units digit of l?
6
Let j be 2/9 - (-14)/(-63). What is the units digit of -5 - -45 - (-1 - j)?
1
Let z(j) = j**2 + 14*j + 35. Let v be z(-12). Suppose 3*s - v = 1. What is the units digit of s?
4
What is the hundreds digit of (-33 + 0)/(5 + (-665)/130)?
2
Suppose -80*t + 68*t = -13212. What is the tens digit of t?
0
Let x = -21 - -29. Let r be x - 8 - 1*-5. Suppose 4*j = -16, -4*a = -3*a - r*j - 31. What is the units digit of a?
1
Suppose 0 = -6*v + 2628 - 72. What is the tens digit of (v + 0)/(-3 + 5)?
1
Let b(v) = -v**2 - 2*v**2 + 3*v**2 + v**2 - 27 + 6*v. What is the units digit of b(8)?
5
Suppose -5*q + 2*d = 73, -3*q - 4*d = -d + 27. Let h = 60 + q. What is the units digit of h?
7
Suppose 3*y + 3*i = 4194, -y - 3*i + 842 = -552. What is the tens digit of y?
0
Suppose -25 = -2*w - 5*f, 20 - 2 = w - 3*f. Let m(x) = x**3 - 15*x**2 + 6*x + 9. What is the tens digit of m(w)?
9
Let v be 1 + 1 + (-2 - 9). Let q = -12 + 28. Let i = q - v. What is the units digit of i?
5
Let m = -42 + 71. What is the tens digit of (m - -17) + -1*4?
4
Let i(u) = 2*u + 13. Let x(f) = -f**2 + 6*f - 6. Suppose -16 - 14 = -5*k. Let b be x(k). What is the units digit of i(b)?
1
Let c(u) = -81*u**2 + 16*u - 5. Let r(i) = 41*i**2 - 8*i + 3. Let s(x) = -6*c(x) - 11*r(x). What is the hundreds digit of s(-2)?
1
Let w be (-3)/((-3)/3)*-1. Let f(j) = -3*j**3 - j**2 + 2*j + 3. What is the tens digit of f(w)?
6
Let f = 31 - 28. Suppose -25 = -3*t - 3*w - 1, -3*t + f*w = 6. What is the units digit of t?
3
Let q = 551 + 388. What is the units digit of q?
9
Let t(d) = -4*d**3 - 17*d**2 + 7*d + 2. What is the tens digit of t(-9)?
7
Suppose 8 = 4*z, 0*z = 3*n + z - 4853. What is the thousands digit of n?
1
Let x(d) = -20*d**2 + 5. Let i(n) = -19*n**2 + 4. Let v(c) = -6*i(c) + 5*x(c). What is the units digit of v(1)?
5
Let w(g) = -5*g + 6. Let o = -5 + 0. What is the tens digit of w(o)?
3
Let j(w) = -100*w - 238. What is the units digit of j(-17)?
2
Suppose 0 = 45*v - 36*v - 252. What is the units digit of v?
8
Suppose -2 + 8 = 2*w. Let k be 3/3*w + -12. What is the tens digit of 2/((-6)/k) - -9?
1
Suppose 0 = -3*b - 9, f + 4*b = 7*b + 34. What is the tens digit of f?
2
Let x = 679 - 591. What is the units digit of x?
8
Let h(n) = -505*n - 62. What is the tens digit of h(-2)?
4
Let a(f) = -f**2 - 6*f - 5. Let b be a(-5). Suppose q = -b*q - 4*t - 12, -5*q = 5*t. Suppose q*z - 3*z = 15. What is the tens digit of z?
1
Suppose -2*l - 5274 = -2*r, 5*r - 258*l = -259*l + 13185. What is the thousands digit of r?
2
Let g = -9 - -13. Suppose a + 5 = 2*a + g*n, 0 = 4*a - 2*n - 20. Suppose 0 = -y - a*f + 52 - 0, -y + 5*f = -72. What is the units digit of y?
2
Let b(m) = -3*m**2 + 4*m + 5. Let q(s) = 5*s**2 - 8*s - 9. Let w(i) = 7*b(i) + 4*q(i). What is the units digit of w(-2)?
3
Let f(p) = -p + 10. Let u be f(10). Let a be (u - 1)/(1/16). Let t = -5 - a. What is the tens digit of t?
1
Let a = -436 - -1395. What is the units digit of a?
9
Let g(v) = 11*v - 7. Let t be g(3). Suppose -2*u = 4*o - 38, 3 = u + 2. Suppose 0 = -5*c + t + o. What is the units digit of c?
7
Let w(y) = -27*y. Let d be w(2). Let c = 93 + d. What is the tens digit of c?
3
Suppose 14 = 2*m + 2*v, -4*v + 30 = 4*m - 2*v. Let i be (m/(-10))/(1/25). Let q = 44 + i. What is the tens digit of q?
2
Suppose 2*s + 8216 = 2*x, 2*x - 4112 = 5*s - 4*s. What is the tens digit of (4/(-14) - s/(-140))*-5?
4
Suppose 28996 + 2747 = 9*g. What is the tens digit of g?
2
Suppose -6*b = -2*m - 8*b + 7882, -8*b = m - 3920. What is the units digit of m?
4
Suppose 0 = -10*p + 7*p + 3*t + 9414, 4*p - 3*t = 12553. What is the hundreds digit of p?
1
Suppose -4*z - 3*p = -109, -2*z + 4*p + 67 = 3*p. Suppose -z*b + 37 = -30*b. What is the tens digit of b?
3
Let g(h) = -21*h + 7. Let i be g(-5). What is the units digit of i - (0/1)/(7/(-7))?
2
Let y(i) = 4 + 33*i + 82*i**2 - 68*i**2 - 2. What is the hundreds digit of y(-5)?
1
Let w = 1298 - 772. What is the hundreds digit of w?
5
Suppose 14*z - 3*z = -66. What is the tens digit of (-12)/(-10)*(-340)/z?
6
Suppose -3*b = -5*d + 49, 4*d + 4 = -b + 33. Suppose k = g + d, 3 = 5*k - 4*g - 40. Let m = 43 - k. What is the units digit of m?
2
Let r(s) = -s**3 - 6*s**2 - 2*s + 3. Let q be 7/21 - 110/6. Let a = q - -12. What is the units digit of r(a)?
5
Suppose 0 = 3*g - 8*l + 5*l - 3105, g = -3*l + 1039. What is the tens digit of g?
3
Let s(a) = 5*a**2 + 13*a + 4. Let o be s(-5). Let m = o - 27. What is the tens digit of m?
3
Let f be (0 - -22)/((-5)/10). Let c = f - -74. Suppose 3*r = -2*r + c. What is the units digit of r?
6
Let y(b) = -b + 9. Suppose 3*u - 1 - 11 = 0. Let a be y(u). Suppose 0 = -v - 4*l - 0*l + 12, a*l - 37 = -4*v. What is the units digit of v?
8
Suppose 0*f + 3971 = 19*f. What is the tens digit of f?
0
Let p = -283 - -847. What is the units digit of p?
4
Suppose 2*m + 14 = 3*f, 0 = 2*m + 7 + 1. Suppose f*t = 9 - 3. Suppose -3*z = -4*u + z + 116, t*u - 4*z = 88. What is the units digit of u?
8
Let o(t) = 3*t. Let d(j) = j**2 - 6*j + 7. Let x = 9 + -4. Let v be d(x). What is the units digit of o(v)?
6
Let h = 0 + 2. Let q be 11/((h - -2)/40). Suppose 11*a - q = 6*a. What is the tens digit of a?
2
Suppose -2*l + 30 = -5*c, -7*l + 4 = -3*l + 4*c. Suppose 6*q - 34 = 3*q - 5*r, 0 = -2*q + l*r - 19. Let n = 14 + q. What is the units digit of n?
7
Suppose 0 = 4*x + 4*r, -2*x = 3*x - 3*r. Let a = x - -8. What is the units digit of a?
8
Let a = -83 + 127. Suppose 2*t - 106 = a. What is the tens digit of t?
7
Suppose -f + 4*l + 856 = -2805, -l + 1 = 0. What is the thousands digit of f?
3
Let t = 12 + 12. Suppose 4*b - 10 + 0 = 2*p, -4*p = 3*b - t. What is the units digit of p?
3
Let s(q) = -q**3 - 8*q**2 - 54*q + 22. What is the units digit of s(-9)?
9
Suppose 3*j - m = -3*m + 775, 4*m = 3*j - 781. Let s = -133 + j. What is the units digit of s?
6
Suppose -2*o = 4*j - 988, -3*o + 2*j - 216 + 1674 = 0. What is the units digit of o?
8
Let w = -6 - -9. Suppose 608 = 12*s + 92. Suppose 52 = -w*m - 3*b + 163, 2*b = m - s. What is the tens digit of m?
3
Let u(b) be the third derivative of b**6/120 + b**5/6 - b**4/6 - 5*b**3/3 - 25*b**2. What is the tens digit of u(-10)?
3
Let n be -14 - (-1 - -2) - -1. Let h = 99 - n. What is the hundreds digit of h?
1
Let t(m) = -343*m**3 - 3*m**2 - 5*m - 4. What is the tens digit of t(-1)?
4
Let v = -1167 - -1649. What is the units digit of v?
2
Suppose -2*r = -10, r - 211 - 178 = 4*c. Let o = c + 210. What is the tens digit of o?
1
Suppose 5*y - 6*y + n = -1589, 3*n + 3176 = 2*y. What is the units digit of y?
1
Let c(q) = -5*q + 4*q - 3 + 0*q. Let d be c(-7). Suppose d*b - 5*b + 8 = 0. What is the units digit of b?
8
Suppose o + 0 = 16. Suppose 0 = -o*d + 20*d - 236. What is the tens digit of d?
5
Suppose 3*f = f. Suppose o = -f*o + 3. What is the units digit of (-1*o)/((-6)/30)?
5
Let u